mmon factor of b and y.
3
Let j = 129 + -24. Let x be (1/2)/((-3)/(-30)). Suppose 17 = x*a - 4*a + 2*v, -4*a + 82 = v. What is the greatest common divisor of j and a?
21
Let z(x) = 4*x - 7. Let w = 16 + -10. Let l be z(w). Let o be 1662/14 + (-4)/(-14). Calculate the greatest common factor of o and l.
17
Let f be 4/(-2) + (3 - 5). Let a(b) = 3*b**2 + 4*b - 5. Let v be a(f). Calculate the highest common divisor of 18 and v.
9
Let g(d) = -32*d - 23. Let o be g(-4). Suppose -3*k = 2*s - 78, -2*k - k + 120 = 3*s. Calculate the highest common divisor of s and o.
21
Let u(v) be the first derivative of -9*v**4/4 + v**3/3 - v**2 - 3. Let j be u(-2). Calculate the highest common divisor of j and 10.
10
Let i(s) = -3*s - 9. Let d be i(-5). Calculate the highest common factor of 6 and d.
6
Suppose -5*h + 1709 = -z, -h = 2*h + 4*z - 1030. Calculate the greatest common divisor of h and 38.
38
Suppose c = -2*v - 1 + 30, 0 = -v + 3*c + 18. Let o = -5 + 9. Suppose 3*u = -r + 2*r + 43, -o*u - 5*r = -70. Calculate the highest common divisor of v and u.
15
Let h = 125 + 73. Suppose 338 = -3*l + 2*y, 3*l = -y - 3*y - 314. Let q = h + l. Calculate the greatest common factor of 8 and q.
8
Let o(y) be the first derivative of -2*y**2 - 2*y - 1. Let h be o(-2). Suppose 26*t - 378 = 17*t. What is the highest common divisor of t and h?
6
Let z be ((34 - -2)/3)/((-7)/(-84)). Let p = 49 - 31. Calculate the highest common factor of z and p.
18
Suppose -u + 0*u = -9. Let t = u + -5. Let n = 35 + -3. What is the greatest common factor of t and n?
4
Let b(k) = 3*k**2 - k + 1. Let h be b(-2). Suppose 5*g = 2*g + 9. Suppose -3*a = -3*y + 81, -2*a + 93 = g*y - a. Calculate the highest common factor of y and h.
15
Let c(v) = 4*v**2 - v - 2. Let h be c(2). Calculate the highest common divisor of 84 and h.
12
Let a = -114 + 174. Let y(h) = 11*h**2 + 1. Let n be y(1). Calculate the highest common factor of n and a.
12
Let b be (-3 - -3)/(4/(-2)). Suppose b = 5*l - 4*p - 96, -4*l - 3*p = -0*l - 83. Let h = l + -12. What is the greatest common factor of h and 56?
8
Let z be (-6)/(-15) + (-42)/5. Let y = z - -8. Let a(h) = h**3 + h + 22. Let x be a(y). What is the highest common divisor of 2 and x?
2
Suppose 0*n + 44 = 4*n. Let o = 102 + -47. What is the greatest common divisor of n and o?
11
Suppose -3*f = 2*t + 213, -509 + 75 = 4*t - 2*f. Let b be (3/2)/((-3)/t). Calculate the greatest common divisor of b and 135.
27
Suppose 6*v = 3*a + 10*v - 46, -4*v = -4*a + 52. What is the highest common divisor of 28 and a?
14
Let f(h) = h**3 - 7*h**2 + 4*h - 10. Let p be f(7). Suppose 2*y + 0*y = 8. Suppose 3*d = y*d - 2. What is the greatest common divisor of p and d?
2
Let r(c) = 11*c**3 + 2*c**2 - 2*c + 1. Suppose w = 2*w - 1. Let t be r(w). Let m = 29 + -5. What is the highest common divisor of t and m?
12
Let k be (-1)/2 - (-3)/2. What is the highest common divisor of k and 5?
1
Suppose 53*y - 12 = 49*y. What is the highest common factor of 24 and y?
3
Let p = 80 + -161. Let h be (-4)/10 - p/15. Suppose k = -d + 4*d - 17, 2*d - 7 = h*k. Calculate the highest common divisor of 18 and d.
6
Let o be (1 - 1)/(0 + -1). Suppose -5*k - 15 = 5*f, o = -4*f - 8. Let w be 0 - (-12 - k*2). What is the greatest common factor of 90 and w?
10
Let l(h) be the third derivative of h**4/4 - 3*h**3/2 - 6*h**2. Let x be l(3). What is the greatest common divisor of 9 and x?
9
Let z(s) = -2*s - 3. Suppose -2*g = 5*j + 2*g + 14, -j - 4 = 2*g. Let b be z(j). Let l be 3*2/6 + b. What is the greatest common divisor of 8 and l?
2
Suppose -3*l - 4*k + 6 = -5, 4*l = k + 21. Suppose -4*q + n = -223, 0 = -q - 3*n + 34 + 12. Calculate the highest common divisor of l and q.
5
Suppose -3*i = 6, 0*c + 5*i - 254 = -4*c. Suppose 2*t - 5*t = c. Let a = -13 - t. Calculate the greatest common factor of 1 and a.
1
Let a(l) = 3*l + 5. Let i be a(-5). Let x be 2086/22 + i/(-55). What is the highest common factor of x and 38?
19
Let s(j) = 31*j**3 - j**2 + 2*j - 1. Let z be s(1). Let t = z - 19. Calculate the highest common divisor of 12 and t.
12
Suppose 4*j - j - 114 = 0. Suppose -11 = x - j. Calculate the greatest common divisor of 18 and x.
9
Let c(o) = o**3 - 12*o**2 - 10*o - 18. Let q be c(13). Calculate the highest common divisor of 42 and q.
21
Suppose -7*w = -8*w + 39. Calculate the highest common factor of w and 52.
13
Suppose 2*z - 4*z = -28. Let y = -8 + z. Calculate the greatest common factor of y and 3.
3
Let v(g) = 2*g**2 - 8*g - 10. Let x be v(-7). Calculate the highest common factor of x and 18.
18
Suppose -103 = -2*j - 3*n, 3*n - 4*n = 4*j - 231. Let g = 104 - j. What is the highest common factor of 15 and g?
15
Let z(n) = -38*n**3 + n**2 - n - 1. Let k be z(-1). Suppose 7*m - 104 = 3*m. Calculate the highest common divisor of k and m.
13
Suppose -b = -5*a - 13, b + 57 = 4*b + 3*a. Suppose 1 = -3*v + 7. Calculate the greatest common factor of v and b.
2
Let z(p) = p**2 - 6*p - 5. Let j be z(7). Suppose 0 = 3*h - 5*h, -j*h = 4*b - 20. Let d = 6 + b. Calculate the greatest common factor of d and 55.
11
Let t(x) = -x**2 - 9*x + 7. Let a be t(-8). Suppose 4*j - 3*h = 306, -4*h + h = 6. Calculate the highest common factor of a and j.
15
Let r = -195 - -292. Suppose -5*j + 76 = -s - r, -2*j = s - 65. Suppose -2*y + 51 = y. What is the highest common divisor of j and y?
17
Suppose -5*m = c - 5, 3*m - 5*c - 4 + 1 = 0. Suppose 5*i = n - 33, -3*n = -n + 5*i + 9. Calculate the greatest common factor of n and m.
1
Let c = -20 - -26. What is the highest common divisor of c and 90?
6
Let p be 2 - ((-1 - 1) + 4). Let x(v) = v**2 + v - 21. Let u be x(p). Let s = u - -73. What is the greatest common factor of s and 13?
13
Let h be (-2)/(-5) - 9/(-15). Let o be h*2*(-2)/(-2). What is the highest common divisor of 1 and o?
1
Let h(c) = 8*c**2 - c**2 + 4*c**3 - 3*c**3 + 5*c - 5. Let i be h(-6). Suppose -5*z = -2*z - 27. What is the highest common divisor of i and z?
1
Let s(l) = 7*l**3 - l**2 - l. Let b be 1*(0 + 1) - -1. Let g be s(b). Suppose -6*z = -z - g. Calculate the highest common factor of 40 and z.
10
Let r be (6/9 + 0)/(3/36). What is the greatest common factor of r and 72?
8
Let o(q) = 2*q**2 - 3*q - 2. Let d be o(3). Suppose -2*a = 3*a - 70. What is the highest common factor of d and a?
7
Suppose 2*b - 9 = 19. Let h(l) = -4*l + 39. Let c be h(8). What is the greatest common factor of b and c?
7
Suppose 0 = k - v + 3, 2*k + 4*v = 18. Let n be (k*-6 - -2)*1. Let a be (-62)/n + (-3)/(-6). Calculate the highest common divisor of a and 2.
2
Let r = -2 + -9. Let s = r - -31. Let p be 17/4 + 9/12. What is the greatest common divisor of s and p?
5
Let k = 168 - 63. Suppose 4*u = k - 21. Calculate the greatest common divisor of 3 and u.
3
Suppose 0*l + 9 = 3*l. Suppose h = -l*h + 48. Suppose 246*y = 234*y + 1008. Calculate the highest common factor of h and y.
12
Suppose -5*o - 47 = -k - 3*k, -19 = -2*k + o. Calculate the greatest common factor of k and 12.
4
Suppose -4*o + o = -y + 333, -4*y = 5*o + 538. Let m be (0 + 1)/((-5)/o). What is the highest common factor of m and 154?
22
Suppose 6 = -b + 2. Let r be b - (-9)/3 - -92. What is the greatest common divisor of r and 13?
13
Suppose -i = -5*i + 76. Calculate the greatest common factor of 38 and i.
19
Let x(f) = -8*f + 1. Let t be x(-1). Let v be 5 - (0 + -2 - -1). Let i(l) = 4*l - 6. Let k be i(v). Calculate the highest common factor of k and t.
9
Let u = -19 - -22. Calculate the highest common factor of 21 and u.
3
Let q(o) = -o**2 - 17*o + 19. Let t be q(-17). What is the highest common factor of t and 133?
19
Suppose 5*u - 390 = 450. Calculate the greatest common divisor of u and 21.
21
Suppose 0 = -2*x + 14 + 16. Calculate the greatest common divisor of x and 10.
5
Let g = 21 + -12. Calculate the highest common factor of g and 9.
9
Let k be 2*1/8 + (-975)/(-20). Calculate the highest common divisor of k and 49.
49
Let a = -9 + 12. Suppose -12 + a = -g. Calculate the greatest common divisor of 18 and g.
9
Suppose k - 105 = 2*h, 7*h = 2*h - 15. Let q(x) = -x**3 + 11*x**2 + 14*x - 15. Let o be q(12). Calculate the greatest common divisor of o and k.
9
Let f = 120 + -80. Calculate the highest common divisor of f and 16.
8
Suppose 4*z = 8, -4*z + z + 161 = 5*g. Suppose -b + 